{"id":734,"date":"2013-04-01T15:37:54","date_gmt":"2013-04-01T13:37:54","guid":{"rendered":"http:\/\/www.kriesi.at\/themes\/enfold\/?page_id=734"},"modified":"2021-12-09T16:56:11","modified_gmt":"2021-12-09T15:56:11","slug":"homepage","status":"publish","type":"page","link":"https:\/\/www.peteroehen.ch\/","title":{"rendered":"Home &#8211; Rustikalbau"},"content":{"rendered":"<div id='layer_slider_1'  class='avia-layerslider main_color avia-shadow  avia-builder-el-0  el_before_av_heading  avia-builder-el-first  container_wrap fullsize' style='  height: 471px;' ><\/div><div id='after_layer_slider_1'  class='main_color av_default_container_wrap container_wrap fullsize' style=' '  ><div class='container' ><div class='template-page content  av-content-full alpha units'><div class='post-entry post-entry-type-page post-entry-734'><div class='entry-content-wrapper clearfix'>\n<div  style='padding-bottom:10px; ' class='av-special-heading av-special-heading-h3    avia-builder-el-1  el_after_av_layerslider  el_before_av_icon_box  avia-builder-el-first  '><h3 class='av-special-heading-tag '  itemprop=\"headline\"  >Herzlich willkommen auf unser neuen Website<\/h3><div class='special-heading-border'><div class='special-heading-inner-border' ><\/div><\/div><\/div>\n<article  class=\"iconbox iconbox_left    avia-builder-el-2  el_after_av_heading  el_before_av_icon_box  \"  itemscope=\"itemscope\" itemtype=\"https:\/\/schema.org\/CreativeWork\" ><div class=\"iconbox_content\"><header class=\"entry-content-header\"><div class=\"iconbox_icon heading-color\" aria-hidden='true' data-av_icon='\ue854' data-av_iconfont='entypo-fontello'  ><\/div><h3 class='iconbox_content_title  '  itemprop=\"headline\"  >Rufen Sie uns an: Tel. 041 917 32 01, Mobile 079 641 32 62, Fax 041 917 31 69<\/h3><\/header><div class='iconbox_content_container  '  itemprop=\"text\"  ><p>Wir nehmen uns gerne Zeit f\u00fcr Sie!<\/p>\n<\/div><\/div><footer class=\"entry-footer\"><\/footer><\/article>\n<article  class=\"iconbox iconbox_left    avia-builder-el-3  el_after_av_icon_box  el_before_av_icon_box  \"  itemscope=\"itemscope\" itemtype=\"https:\/\/schema.org\/CreativeWork\" ><div class=\"iconbox_content\"><header class=\"entry-content-header\"><div class=\"iconbox_icon heading-color\" aria-hidden='true' data-av_icon='\ue805' data-av_iconfont='entypo-fontello'  ><\/div><h3 class='iconbox_content_title  '  itemprop=\"headline\"  >oehen-peter@bluewin.ch <\/h3><\/header><div class='iconbox_content_container  '  itemprop=\"text\"  ><\/div><\/div><footer class=\"entry-footer\"><\/footer><\/article>\n<article  class=\"iconbox iconbox_left    avia-builder-el-4  el_after_av_icon_box  el_before_av_hr  \"  itemscope=\"itemscope\" itemtype=\"https:\/\/schema.org\/CreativeWork\" ><div class=\"iconbox_content\"><header class=\"entry-content-header\"><div class=\"iconbox_icon heading-color\" aria-hidden='true' data-av_icon='\ue8ad' data-av_iconfont='entypo-fontello'  ><\/div><h3 class='iconbox_content_title  '  itemprop=\"headline\"  >Pferdeweide Eichmatt<\/h3><\/header><div class='iconbox_content_container  '  itemprop=\"text\"  ><p><a href=\"http:\/\/www.pferdeweide-eichmatt.ch\" target=\"_blank\" rel=\"noopener\">Besuchen Sie unsere Website www.pferdeweide-eichmatt.ch<\/a><\/p>\n<\/div><\/div><footer class=\"entry-footer\"><\/footer><\/article>\n<div   class='hr hr-full hr-no-shadow   avia-builder-el-5  el_after_av_icon_box  el_before_av_textblock '><span class='hr-inner ' ><span class='hr-inner-style'><\/span><\/span><\/div>\n<section class=\"av_textblock_section \"  itemscope=\"itemscope\" itemtype=\"https:\/\/schema.org\/CreativeWork\" ><div class='avia_textblock  '   itemprop=\"text\" ><p>Rustikalbau und Zimmerei: Seit Jahrzehnten\u00a0besch\u00e4ftigen wir uns mit Altholz und antiken Baumaterialien.<\/p>\n<\/div><\/section>\n<section class=\"av_textblock_section \"  itemscope=\"itemscope\" itemtype=\"https:\/\/schema.org\/CreativeWork\" ><div class='avia_textblock  '   itemprop=\"text\" ><p>Wir verwenden nur Altholz, welches von Hand mit Beil und Hobel bearbeitet wurde. Die Bretter und Balken sind mindestens 120 Jahre alt. Diese H\u00f6lzer erz\u00e4hlen Geschichten, sind ungleich, kr\u00e4ftig, deformiert, unregelm\u00e4ssig und bringen \u00abLeben\u00bb in die Bauten und M\u00f6bel, die daraus wieder entstehen. Seit 30 Jahren fasziniert mich dieser Kreislauf und befl\u00fcgelt meine Kreativit\u00e4t.<\/p>\n<p>Peter Oehen<\/p>\n<\/div><\/section>\n<div  class='avia-icon-list-container   avia-builder-el-8  el_after_av_textblock  el_before_av_heading '><ul class='avia-icon-list avia-icon-list-left av-iconlist-big avia_animate_when_almost_visible avia-iconlist-animate'>\n<li><div  class='iconlist_icon  avia-font-entypo-fontello'><span class='iconlist-char ' aria-hidden='true' data-av_icon='\ue891' data-av_iconfont='entypo-fontello'><\/span><\/div><article class=\"article-icon-entry \"  itemscope=\"itemscope\" itemtype=\"https:\/\/schema.org\/CreativeWork\" ><div class='iconlist_content_wrap'><header class=\"entry-content-header\"><h4 class='av_iconlist_title iconlist_title   '  itemprop=\"headline\"  >Umbauten<\/h4><\/header><div class='iconlist_content  '  itemprop=\"text\"  ><p>Geb\u00e4uderweiterungen, Anbauten, Dachvergr\u00f6sserungen aus einer Hand von der Beratung, Planung, Realisation bis zur pers\u00f6nlichen \u00dcbergabe<\/p>\n<\/div><\/div><footer class=\"entry-footer\"><\/footer><\/article><div class='iconlist-timeline'><\/div><\/li>\n<li><div  class='iconlist_icon  avia-font-entypo-fontello'><span class='iconlist-char ' aria-hidden='true' data-av_icon='\ue856' data-av_iconfont='entypo-fontello'><\/span><\/div><article class=\"article-icon-entry \"  itemscope=\"itemscope\" itemtype=\"https:\/\/schema.org\/CreativeWork\" ><div class='iconlist_content_wrap'><header class=\"entry-content-header\"><h4 class='av_iconlist_title iconlist_title   '  itemprop=\"headline\"  >Renovationen<\/h4><\/header><div class='iconlist_content  '  itemprop=\"text\"  ><p>Wir sind spezialisiert auf\u00a0Renovationen von alten und historischen\u00a0Objekten<\/p>\n<\/div><\/div><footer class=\"entry-footer\"><\/footer><\/article><div class='iconlist-timeline'><\/div><\/li>\n<li><div  class='iconlist_icon  avia-font-entypo-fontello'><span class='iconlist-char ' aria-hidden='true' data-av_icon='\ue835' data-av_iconfont='entypo-fontello'><\/span><\/div><article class=\"article-icon-entry \"  itemscope=\"itemscope\" itemtype=\"https:\/\/schema.org\/CreativeWork\" ><div class='iconlist_content_wrap'><header class=\"entry-content-header\"><h4 class='av_iconlist_title iconlist_title   '  itemprop=\"headline\"  >Bedachungen<\/h4><\/header><div class='iconlist_content  '  itemprop=\"text\"  ><p>D\u00e4cher in jeder Form bis zu Bedachungen mit Biberschwanzziegel<\/p>\n<\/div><\/div><footer class=\"entry-footer\"><\/footer><\/article><div class='iconlist-timeline'><\/div><\/li>\n<li><div  class='iconlist_icon  avia-font-entypo-fontello'><span class='iconlist-char ' aria-hidden='true' data-av_icon='\ue839' data-av_iconfont='entypo-fontello'><\/span><\/div><article class=\"article-icon-entry \"  itemscope=\"itemscope\" itemtype=\"https:\/\/schema.org\/CreativeWork\" ><div class='iconlist_content_wrap'><header class=\"entry-content-header\"><h4 class='av_iconlist_title iconlist_title   '  itemprop=\"headline\"  >An- und Verkauf von Altholz<\/h4><\/header><div class='iconlist_content  '  itemprop=\"text\"  ><p>Rufen Sie uns an<\/p>\n<\/div><\/div><footer class=\"entry-footer\"><\/footer><\/article><div class='iconlist-timeline'><\/div><\/li>\n<\/ul><\/div>\n<div  style='padding-bottom:10px; ' class='av-special-heading av-special-heading-h3    avia-builder-el-9  el_after_av_iconlist  el_before_av_section  avia-builder-el-last  '><h3 class='av-special-heading-tag '  itemprop=\"headline\"  >Eine Auswahl unserer Arbeiten:<\/h3><div class='special-heading-border'><div class='special-heading-inner-border' ><\/div><\/div><\/div>\n<\/div><\/div><\/div><!-- close content main div --><\/div><\/div><div id='av_section_1'  class='avia-section alternate_color avia-section-large avia-shadow  avia-bg-style-scroll  avia-builder-el-10  el_after_av_heading  avia-builder-el-last   container_wrap fullsize' style=' '  ><div class='container' ><div class='template-page content  av-content-full alpha units'><div class='post-entry post-entry-type-page post-entry-734'><div class='entry-content-wrapper clearfix'>\n<div class=\"flex_column av_one_full  flex_column_div first  avia-builder-el-11  avia-builder-el-no-sibling  \" ><div  id=\"av-sc-portfolio-1\"  class=' grid-sort-container isotope   no_margin-container with-title-container grid-total-odd grid-col-3 grid-links-' data-portfolio-id='1'><div data-ajax-id='3864' class=' grid-entry flex_column isotope-item all_sort no_margin post-entry post-entry-3864 grid-entry-overview grid-loop-1 grid-parity-odd  gebaeude_sort innenausbau_sort  av_one_third first default_av_fullwidth '><article class='main_color inner-entry'  itemscope=\"itemscope\" itemtype=\"https:\/\/schema.org\/CreativeWork\" ><a href='https:\/\/www.peteroehen.ch\/?portfolio=anbau-bauernhaus' title='Anbau Bauernhaus'  data-rel='grid-1' class='grid-image avia-hover-fx'> <img decoding=\"async\" width=\"495\" height=\"400\" src=\"https:\/\/www.peteroehen.ch\/wp-content\/uploads\/2015\/12\/Aussen2-495x400.jpg\" class=\"wp-image-3866 avia-img-lazy-loading-not-3866 attachment-portfolio size-portfolio wp-post-image\" alt=\"\" srcset=\"https:\/\/www.peteroehen.ch\/wp-content\/uploads\/2015\/12\/Aussen2-495x400.jpg 495w, https:\/\/www.peteroehen.ch\/wp-content\/uploads\/2015\/12\/Aussen2-845x684.jpg 845w\" sizes=\"(max-width: 495px) 100vw, 495px\" \/><\/a><div class='grid-content'><div class='avia-arrow'><\/div><header class=\"entry-content-header\"><h3 class='grid-entry-title entry-title '  itemprop=\"headline\" ><a href='https:\/\/www.peteroehen.ch\/?portfolio=anbau-bauernhaus' title='Anbau Bauernhaus'>Anbau Bauernhaus<\/a><\/h3><\/header><\/div><footer class=\"entry-footer\"><\/footer><\/article><\/div><div data-ajax-id='3693' class=' grid-entry flex_column isotope-item all_sort no_margin post-entry post-entry-3693 grid-entry-overview grid-loop-2 grid-parity-even   av_one_third  default_av_fullwidth '><article class='main_color inner-entry'  itemscope=\"itemscope\" itemtype=\"https:\/\/schema.org\/CreativeWork\" ><a href='https:\/\/www.peteroehen.ch\/?portfolio=wohnung-3-3' title='Wohnung Steinmauer'  data-rel='grid-1' class='grid-image avia-hover-fx'> <img decoding=\"async\" width=\"495\" height=\"400\" src=\"https:\/\/www.peteroehen.ch\/wp-content\/uploads\/2015\/05\/DSC_0324a-495x400.jpg\" class=\"wp-image-3725 avia-img-lazy-loading-not-3725 attachment-portfolio size-portfolio wp-post-image\" alt=\"\" srcset=\"https:\/\/www.peteroehen.ch\/wp-content\/uploads\/2015\/05\/DSC_0324a-495x400.jpg 495w, https:\/\/www.peteroehen.ch\/wp-content\/uploads\/2015\/05\/DSC_0324a-845x684.jpg 845w\" sizes=\"(max-width: 495px) 100vw, 495px\" \/><\/a><div class='grid-content'><div class='avia-arrow'><\/div><header class=\"entry-content-header\"><h3 class='grid-entry-title entry-title '  itemprop=\"headline\" ><a href='https:\/\/www.peteroehen.ch\/?portfolio=wohnung-3-3' title='Wohnung Steinmauer'>Wohnung Steinmauer<\/a><\/h3><\/header><\/div><footer class=\"entry-footer\"><\/footer><\/article><\/div><div data-ajax-id='3552' class=' grid-entry flex_column isotope-item all_sort no_margin post-entry post-entry-3552 grid-entry-overview grid-loop-3 grid-parity-odd   av_one_third  default_av_fullwidth '><article class='main_color inner-entry'  itemscope=\"itemscope\" itemtype=\"https:\/\/schema.org\/CreativeWork\" ><a href='https:\/\/www.peteroehen.ch\/?portfolio=wohnung-2' title='Wohnung Rustico'  data-rel='grid-1' class='grid-image avia-hover-fx'> <img decoding=\"async\" width=\"495\" height=\"400\" src=\"https:\/\/www.peteroehen.ch\/wp-content\/uploads\/2015\/05\/DSC_0112a-495x400.jpg\" class=\"wp-image-3563 avia-img-lazy-loading-not-3563 attachment-portfolio size-portfolio wp-post-image\" alt=\"\" srcset=\"https:\/\/www.peteroehen.ch\/wp-content\/uploads\/2015\/05\/DSC_0112a-495x400.jpg 495w, https:\/\/www.peteroehen.ch\/wp-content\/uploads\/2015\/05\/DSC_0112a-845x684.jpg 845w\" sizes=\"(max-width: 495px) 100vw, 495px\" \/><\/a><div class='grid-content'><div class='avia-arrow'><\/div><header class=\"entry-content-header\"><h3 class='grid-entry-title entry-title '  itemprop=\"headline\" ><a href='https:\/\/www.peteroehen.ch\/?portfolio=wohnung-2' title='Wohnung Rustico'>Wohnung Rustico<\/a><\/h3><\/header><\/div><footer class=\"entry-footer\"><\/footer><\/article><\/div><div data-ajax-id='3534' class=' grid-entry flex_column isotope-item all_sort no_margin post-entry post-entry-3534 grid-entry-overview grid-loop-4 grid-parity-even   av_one_third first default_av_fullwidth '><article class='main_color inner-entry'  itemscope=\"itemscope\" itemtype=\"https:\/\/schema.org\/CreativeWork\" ><a href='https:\/\/www.peteroehen.ch\/?portfolio=wohnung-1' title='Wohnung Ambiente'  data-rel='grid-1' class='grid-image avia-hover-fx'> <img decoding=\"async\" width=\"495\" height=\"400\" src=\"https:\/\/www.peteroehen.ch\/wp-content\/uploads\/2015\/05\/DSC_0034a-495x400.jpg\" class=\"wp-image-3547 avia-img-lazy-loading-not-3547 attachment-portfolio size-portfolio wp-post-image\" alt=\"\" srcset=\"https:\/\/www.peteroehen.ch\/wp-content\/uploads\/2015\/05\/DSC_0034a-495x400.jpg 495w, https:\/\/www.peteroehen.ch\/wp-content\/uploads\/2015\/05\/DSC_0034a-845x684.jpg 845w\" sizes=\"(max-width: 495px) 100vw, 495px\" \/><\/a><div class='grid-content'><div class='avia-arrow'><\/div><header class=\"entry-content-header\"><h3 class='grid-entry-title entry-title '  itemprop=\"headline\" ><a href='https:\/\/www.peteroehen.ch\/?portfolio=wohnung-1' title='Wohnung Ambiente'>Wohnung Ambiente<\/a><\/h3><\/header><\/div><footer class=\"entry-footer\"><\/footer><\/article><\/div><div data-ajax-id='3412' class=' grid-entry flex_column isotope-item all_sort no_margin post-entry post-entry-3412 grid-entry-overview grid-loop-5 grid-parity-odd   av_one_third  default_av_fullwidth '><article class='main_color inner-entry'  itemscope=\"itemscope\" itemtype=\"https:\/\/schema.org\/CreativeWork\" ><a href='https:\/\/www.peteroehen.ch\/?portfolio=ausgebaute-scheune' title='Ausgebaute Scheune'  data-rel='grid-1' class='grid-image avia-hover-fx'> <img decoding=\"async\" width=\"495\" height=\"400\" src=\"https:\/\/www.peteroehen.ch\/wp-content\/uploads\/2015\/05\/DSC_0065-1024x681-495x400.jpg\" class=\"wp-image-3422 avia-img-lazy-loading-not-3422 attachment-portfolio size-portfolio wp-post-image\" alt=\"\" srcset=\"https:\/\/www.peteroehen.ch\/wp-content\/uploads\/2015\/05\/DSC_0065-1024x681-495x400.jpg 495w, https:\/\/www.peteroehen.ch\/wp-content\/uploads\/2015\/05\/DSC_0065-1024x681-845x681.jpg 845w\" sizes=\"(max-width: 495px) 100vw, 495px\" \/><\/a><div class='grid-content'><div class='avia-arrow'><\/div><header class=\"entry-content-header\"><h3 class='grid-entry-title entry-title '  itemprop=\"headline\" ><a href='https:\/\/www.peteroehen.ch\/?portfolio=ausgebaute-scheune' title='Ausgebaute Scheune'>Ausgebaute Scheune<\/a><\/h3><\/header><\/div><footer class=\"entry-footer\"><\/footer><\/article><\/div><div data-ajax-id='3403' class=' grid-entry flex_column isotope-item all_sort no_margin post-entry post-entry-3403 grid-entry-overview grid-loop-6 grid-parity-even   av_one_third  default_av_fullwidth '><article class='main_color inner-entry'  itemscope=\"itemscope\" itemtype=\"https:\/\/schema.org\/CreativeWork\" ><a href='https:\/\/www.peteroehen.ch\/?portfolio=jaegerstuebli' title='J\u00e4gerst\u00fcbli'  data-rel='grid-1' class='grid-image avia-hover-fx'> <img decoding=\"async\" width=\"495\" height=\"400\" src=\"https:\/\/www.peteroehen.ch\/wp-content\/uploads\/2015\/05\/DSC_0096-1024x681-495x400.jpg\" class=\"wp-image-3408 avia-img-lazy-loading-not-3408 attachment-portfolio size-portfolio wp-post-image\" alt=\"\" srcset=\"https:\/\/www.peteroehen.ch\/wp-content\/uploads\/2015\/05\/DSC_0096-1024x681-495x400.jpg 495w, https:\/\/www.peteroehen.ch\/wp-content\/uploads\/2015\/05\/DSC_0096-1024x681-845x681.jpg 845w\" sizes=\"(max-width: 495px) 100vw, 495px\" \/><\/a><div class='grid-content'><div class='avia-arrow'><\/div><header class=\"entry-content-header\"><h3 class='grid-entry-title entry-title '  itemprop=\"headline\" ><a href='https:\/\/www.peteroehen.ch\/?portfolio=jaegerstuebli' title='J\u00e4gerst\u00fcbli'>J\u00e4gerst\u00fcbli<\/a><\/h3><\/header><\/div><footer class=\"entry-footer\"><\/footer><\/article><\/div><div data-ajax-id='3367' class=' grid-entry flex_column isotope-item all_sort no_margin post-entry post-entry-3367 grid-entry-overview grid-loop-7 grid-parity-odd   av_one_third first default_av_fullwidth '><article class='main_color inner-entry'  itemscope=\"itemscope\" itemtype=\"https:\/\/schema.org\/CreativeWork\" ><a href='https:\/\/www.peteroehen.ch\/?portfolio=vordachvergroesserung-bei-pferdestall' title='Vordachvergr\u00f6sserung bei Pferdestall'  data-rel='grid-1' class='grid-image avia-hover-fx'> <img decoding=\"async\" width=\"495\" height=\"400\" src=\"https:\/\/www.peteroehen.ch\/wp-content\/uploads\/2015\/05\/DSC_0029-1024x681-495x400.jpg\" class=\"wp-image-3371 avia-img-lazy-loading-not-3371 attachment-portfolio size-portfolio wp-post-image\" alt=\"\" srcset=\"https:\/\/www.peteroehen.ch\/wp-content\/uploads\/2015\/05\/DSC_0029-1024x681-495x400.jpg 495w, https:\/\/www.peteroehen.ch\/wp-content\/uploads\/2015\/05\/DSC_0029-1024x681-845x681.jpg 845w\" sizes=\"(max-width: 495px) 100vw, 495px\" \/><\/a><div class='grid-content'><div class='avia-arrow'><\/div><header class=\"entry-content-header\"><h3 class='grid-entry-title entry-title '  itemprop=\"headline\" ><a href='https:\/\/www.peteroehen.ch\/?portfolio=vordachvergroesserung-bei-pferdestall' title='Vordachvergr\u00f6sserung bei Pferdestall'>Vordachvergr\u00f6sserung bei Pferdestall<\/a><\/h3><\/header><\/div><footer class=\"entry-footer\"><\/footer><\/article><\/div><div data-ajax-id='3344' class=' grid-entry flex_column isotope-item all_sort no_margin post-entry post-entry-3344 grid-entry-overview grid-loop-8 grid-parity-even   av_one_third  default_av_fullwidth '><article class='main_color inner-entry'  itemscope=\"itemscope\" itemtype=\"https:\/\/schema.org\/CreativeWork\" ><a href='https:\/\/www.peteroehen.ch\/?portfolio=degustationsraum' title='Degustationsraum'  data-rel='grid-1' class='grid-image avia-hover-fx'> <img decoding=\"async\" width=\"495\" height=\"400\" src=\"https:\/\/www.peteroehen.ch\/wp-content\/uploads\/2015\/05\/slider5-495x400.png\" class=\"wp-image-3340 avia-img-lazy-loading-not-3340 attachment-portfolio size-portfolio wp-post-image\" alt=\"\" \/><\/a><div class='grid-content'><div class='avia-arrow'><\/div><header class=\"entry-content-header\"><h3 class='grid-entry-title entry-title '  itemprop=\"headline\" ><a href='https:\/\/www.peteroehen.ch\/?portfolio=degustationsraum' title='Degustationsraum'>Degustationsraum<\/a><\/h3><\/header><\/div><footer class=\"entry-footer\"><\/footer><\/article><\/div><div data-ajax-id='3343' class=' grid-entry flex_column isotope-item all_sort no_margin post-entry post-entry-3343 grid-entry-overview grid-loop-9 grid-parity-odd  post-entry-last   av_one_third  default_av_fullwidth '><article class='main_color inner-entry'  itemscope=\"itemscope\" itemtype=\"https:\/\/schema.org\/CreativeWork\" ><a href='https:\/\/www.peteroehen.ch\/?portfolio=reigelhaus' title='Riegelhaus'  data-rel='grid-1' class='grid-image avia-hover-fx'> <img decoding=\"async\" width=\"495\" height=\"400\" src=\"https:\/\/www.peteroehen.ch\/wp-content\/uploads\/2015\/05\/slider1-495x400.png\" class=\"wp-image-3230 avia-img-lazy-loading-not-3230 attachment-portfolio size-portfolio wp-post-image\" alt=\"\" \/><\/a><div class='grid-content'><div class='avia-arrow'><\/div><header class=\"entry-content-header\"><h3 class='grid-entry-title entry-title '  itemprop=\"headline\" ><a href='https:\/\/www.peteroehen.ch\/?portfolio=reigelhaus' title='Riegelhaus'>Riegelhaus<\/a><\/h3><\/header><\/div><footer class=\"entry-footer\"><\/footer><\/article><\/div><\/div><\/div>\n\n","protected":false},"excerpt":{"rendered":"<p>This is a Page excerpt. It will be displayed for search results<\/p>\n","protected":false},"author":1,"featured_media":0,"parent":0,"menu_order":1,"comment_status":"closed","ping_status":"closed","template":"","meta":{"footnotes":""},"class_list":["post-734","page","type-page","status-publish","hentry"],"_links":{"self":[{"href":"https:\/\/www.peteroehen.ch\/index.php?rest_route=\/wp\/v2\/pages\/734","targetHints":{"allow":["GET"]}}],"collection":[{"href":"https:\/\/www.peteroehen.ch\/index.php?rest_route=\/wp\/v2\/pages"}],"about":[{"href":"https:\/\/www.peteroehen.ch\/index.php?rest_route=\/wp\/v2\/types\/page"}],"author":[{"embeddable":true,"href":"https:\/\/www.peteroehen.ch\/index.php?rest_route=\/wp\/v2\/users\/1"}],"replies":[{"embeddable":true,"href":"https:\/\/www.peteroehen.ch\/index.php?rest_route=%2Fwp%2Fv2%2Fcomments&post=734"}],"version-history":[{"count":64,"href":"https:\/\/www.peteroehen.ch\/index.php?rest_route=\/wp\/v2\/pages\/734\/revisions"}],"predecessor-version":[{"id":3892,"href":"https:\/\/www.peteroehen.ch\/index.php?rest_route=\/wp\/v2\/pages\/734\/revisions\/3892"}],"wp:attachment":[{"href":"https:\/\/www.peteroehen.ch\/index.php?rest_route=%2Fwp%2Fv2%2Fmedia&parent=734"}],"curies":[{"name":"wp","href":"https:\/\/api.w.org\/{rel}","templated":true}]}}